{"id":357,"date":"2019-07-29T13:06:24","date_gmt":"2019-07-29T13:06:24","guid":{"rendered":"https:\/\/berliner-kellerrunde.de\/?page_id=357"},"modified":"2019-09-04T07:55:54","modified_gmt":"2019-09-04T07:55:54","slug":"25-jahr-feier","status":"publish","type":"page","link":"https:\/\/berliner-kellerrunde.de\/?page_id=357","title":{"rendered":"25 Jahr Feier"},"content":{"rendered":"<h2>\n\t\t25 Jahr Feier\n\t<\/h2>\n\t\t\t\t<img loading=\"lazy\" decoding=\"async\" src=\"https:\/\/berliner-kellerrunde.de\/wp-content\/uploads\/P1050737_1-1.jpg\" alt=\"P1050737_1-1\" itemprop=\"image\" height=\"276\" width=\"737\" title=\"25 Jahr Feier\" onerror=\"this.style.display='none'\"  \/>\n<h3>\n\t\tFestansprachen\n\t<\/h3>\n\t\t\t\t<a href=\"https:\/\/berliner-kellerrunde.de\/wp-content\/uploads\/RedeNaulinWannsee.pdf\" target=\"_blank\" rel=\"noopener noreferrer\"  itemprop=\"url\">\n\t\t\t\t<img loading=\"lazy\" decoding=\"async\" src=\"https:\/\/berliner-kellerrunde.de\/wp-content\/uploads\/RedeNaulinWannsee1_1-2.jpg\" alt=\"Rede des Gr\u00fcnders der Berliner Kellerrunde, Staatssekret\u00e4r a.D. Gerhard Naulin zur 25 Jahr Feier\" itemprop=\"image\" height=\"224\" width=\"299\" title=\"RedeNaulinWannsee1_1-2\" onerror=\"this.style.display='none'\"  \/>\n\t\t\t\t<\/a>\n<h3><a href=\"https:\/\/berliner-kellerrunde.de\/wp-content\/uploads\/RedeNaulinWannsee.pdf\" target=\"_blank\" rel=\"noopener noreferrer\">Rede des Gr\u00fcnders der Berliner Kellerrunde<\/a><\/h3>\t\t\n\t\t\t<p>Staatssekret\u00e4r a.D. Gerhard Naulin<\/p>\n<a href=\"https:\/\/berliner-kellerrunde.de\/wp-content\/uploads\/RedeNaulinWannsee.pdf\" target=\"_blank\" rel=\"noopener noreferrer\"> Rede als PDF<\/a>\t\t\n\t\t\t\t<a href=\"https:\/\/berliner-kellerrunde.de\/wp-content\/uploads\/RedeKruse.pdf\" target=\"_blank\" rel=\"noopener noreferrer\"  itemprop=\"url\">\n\t\t\t\t<img loading=\"lazy\" decoding=\"async\" src=\"https:\/\/berliner-kellerrunde.de\/wp-content\/uploads\/RedeKruse_P1050677a_teaser.jpg\" alt=\"Rede des Altbischofs Martin Kurse in der Kaiser-Wilhelm-Ged\u00e4chtniskirche zur 25 Jahr Feier\" itemprop=\"image\" height=\"112\" width=\"149\" title=\"RedeKruse_P1050677a_teaser\" onerror=\"this.style.display='none'\"  \/>\n\t\t\t\t<\/a>\n<h3><a href=\"https:\/\/berliner-kellerrunde.de\/wp-content\/uploads\/RedeKruse.pdf\" target=\"_blank\" rel=\"noopener noreferrer\">Rede des Altbischofs in derKaiser-Wilhelm-Ged\u00e4chtniskirche<\/a><\/h3>\t\t\n\t\t\t<p>Altbischofs Martin Kurse<\/p>\n<a href=\"https:\/\/berliner-kellerrunde.de\/wp-content\/uploads\/RedeKruse.pdf\" target=\"_blank\" rel=\"noopener noreferrer\"> Rede als PDF<\/a>\t\t\n\t\t\t\t<a href=\"https:\/\/berliner-kellerrunde.de\/wp-content\/uploads\/RedeSchuetz.pdf\" target=\"_blank\" rel=\"noopener noreferrer\"  itemprop=\"url\">\n\t\t\t\t<img loading=\"lazy\" decoding=\"async\" src=\"https:\/\/berliner-kellerrunde.de\/wp-content\/uploads\/RedeSch1_1-teaser.jpg\" alt=\"Rede des Regierenden B\u00fcrgermeisters a.D. Dr. Klaus Schlitz zur 25 Jahr Feier\" itemprop=\"image\" height=\"145\" width=\"195\" title=\"RedeSch1_1-teaser\" onerror=\"this.style.display='none'\"  \/>\n\t\t\t\t<\/a>\n<h3><a href=\"https:\/\/berliner-kellerrunde.de\/wp-content\/uploads\/RedeSchuetz.pdf\" target=\"_blank\" rel=\"noopener noreferrer\">Rede des Regierenden B\u00fcrgermeisters a.D.<\/a><\/h3>\t\t\n\t\t\t<p>Dr. Klaus Sch\u00fctz<\/p>\n<a href=\"https:\/\/berliner-kellerrunde.de\/wp-content\/uploads\/RedeSchuetz.pdf\" target=\"_blank\" rel=\"noopener noreferrer\"> Rede als PDF<\/a>\t\t\n\t\t\t\t<a href=\"https:\/\/berliner-kellerrunde.de\/wp-content\/uploads\/RedeGrossklaus.pdf\" target=\"_blank\" rel=\"noopener noreferrer\"  itemprop=\"url\">\n\t\t\t\t<img loading=\"lazy\" decoding=\"async\" src=\"https:\/\/berliner-kellerrunde.de\/wp-content\/uploads\/RedeGK_P1050804a-teaser.jpg\" alt=\"Rede des Pr\u00e4sidenten des Bundesgesundheitsamtes a.D. Professor Dr. Dr. h.c. mult. Dieter Gro\u00dfklaus zur 25 Jahr Feier\" itemprop=\"image\" height=\"135\" width=\"180\" title=\"RedeGK_P1050804a-teaser\" onerror=\"this.style.display='none'\"  \/>\n\t\t\t\t<\/a>\n<h3><a href=\"https:\/\/berliner-kellerrunde.de\/wp-content\/uploads\/RedeGrossklaus.pdf\" target=\"_blank\" rel=\"noopener noreferrer\">Rede des Pr\u00e4sidenten des Bundesgesundheitsamtes a.D.<\/a><\/h3>\t\t\n\t\t\t<p>Professor Dr. Dr. h.c. mult. Dieter Gro\u00dfklaus<\/p>\n<a href=\"https:\/\/berliner-kellerrunde.de\/wp-content\/uploads\/RedeGrossklaus.pdf\" target=\"_blank\" rel=\"noopener noreferrer\"> Rede als PDF<\/a>\t\t\n\t\t\t\t<a href=\"https:\/\/berliner-kellerrunde.de\/wp-content\/uploads\/RedeStobbe.pdf\" target=\"_blank\" rel=\"noopener noreferrer\"  itemprop=\"url\">\n\t\t\t\t<img loading=\"lazy\" decoding=\"async\" src=\"https:\/\/berliner-kellerrunde.de\/wp-content\/uploads\/RedeStobe1_1-teaser.jpg\" alt=\"Rede des Regierenden B\u00fcrgermeisters a.D. Dietrich Stobbe zur 25 Jahr Feier\" itemprop=\"image\" height=\"95\" width=\"126\" title=\"RedeStobe1_1-teaser\" onerror=\"this.style.display='none'\"  \/>\n\t\t\t\t<\/a>\n<h3><a href=\"https:\/\/berliner-kellerrunde.de\/wp-content\/uploads\/RedeStobbe.pdf\" target=\"_blank\" rel=\"noopener noreferrer\">Rede des Regierenden B\u00fcrgermeisters a.D.<\/a><\/h3>\t\t\n\t\t\t<p>Dietrich Stobbe<\/p>\n<a href=\"https:\/\/berliner-kellerrunde.de\/wp-content\/uploads\/RedeStobbe.pdf\" target=\"_blank\" rel=\"noopener noreferrer\"> Rede als PDF<\/a>\t\t\n\t\t\t\t<img loading=\"lazy\" decoding=\"async\" src=\"https:\/\/berliner-kellerrunde.de\/wp-content\/uploads\/Jubel-Teaser-2_25-Jahre.png\" alt=\"Jubel-Teaser-2_25-Jahre\" itemprop=\"image\" height=\"2134\" width=\"2134\" title=\"Jubel-Teaser-2_25-Jahre\" onerror=\"this.style.display='none'\"  \/>\n<h3>\n\t\tJubil\u00e4en\n\t<\/h3>\n","protected":false},"excerpt":{"rendered":"<p>25 Jahr Feier Festansprachen Rede des Gr\u00fcnders der Berliner Kellerrunde Staatssekret\u00e4r a.D. Gerhard Naulin Rede als PDF Rede des Altbischofs in derKaiser-Wilhelm-Ged\u00e4chtniskirche Altbischofs Martin Kurse Rede als PDF Rede des Regierenden B\u00fcrgermeisters a.D. Dr. Klaus Sch\u00fctz Rede als PDF Rede des Pr\u00e4sidenten des Bundesgesundheitsamtes a.D. Professor Dr. Dr. h.c. mult. Dieter Gro\u00dfklaus Rede als PDF&hellip;<\/p>\n","protected":false},"author":2,"featured_media":350,"parent":21,"menu_order":0,"comment_status":"closed","ping_status":"closed","template":"","meta":{"inline_featured_image":false,"footnotes":""},"_links":{"self":[{"href":"https:\/\/berliner-kellerrunde.de\/index.php?rest_route=\/wp\/v2\/pages\/357"}],"collection":[{"href":"https:\/\/berliner-kellerrunde.de\/index.php?rest_route=\/wp\/v2\/pages"}],"about":[{"href":"https:\/\/berliner-kellerrunde.de\/index.php?rest_route=\/wp\/v2\/types\/page"}],"author":[{"embeddable":true,"href":"https:\/\/berliner-kellerrunde.de\/index.php?rest_route=\/wp\/v2\/users\/2"}],"replies":[{"embeddable":true,"href":"https:\/\/berliner-kellerrunde.de\/index.php?rest_route=%2Fwp%2Fv2%2Fcomments&post=357"}],"version-history":[{"count":15,"href":"https:\/\/berliner-kellerrunde.de\/index.php?rest_route=\/wp\/v2\/pages\/357\/revisions"}],"predecessor-version":[{"id":1063,"href":"https:\/\/berliner-kellerrunde.de\/index.php?rest_route=\/wp\/v2\/pages\/357\/revisions\/1063"}],"up":[{"embeddable":true,"href":"https:\/\/berliner-kellerrunde.de\/index.php?rest_route=\/wp\/v2\/pages\/21"}],"wp:featuredmedia":[{"embeddable":true,"href":"https:\/\/berliner-kellerrunde.de\/index.php?rest_route=\/wp\/v2\/media\/350"}],"wp:attachment":[{"href":"https:\/\/berliner-kellerrunde.de\/index.php?rest_route=%2Fwp%2Fv2%2Fmedia&parent=357"}],"curies":[{"name":"wp","href":"https:\/\/api.w.org\/{rel}","templated":true}]}}